e tens digit of g?
1
Let o(w) be the third derivative of -w**7/1260 + w**5/30 + w**2. Let u(i) be the third derivative of o(i). What is the units digit of u(-1)?
4
Suppose -2*b = 3*x - 4*x - 531, -5*b - 4*x = -1308. What is the tens digit of b?
6
Let h(l) = -5*l + 1. What is the units digit of h(-5)?
6
Suppose -3*q + 4*w = -84, -5*w = -2*q - 2*w + 56. What is the tens digit of q?
2
What is the tens digit of (2 - -353) + (1 - (-2 - -5))?
5
Let r = 145 + -53. What is the tens digit of r?
9
What is the tens digit of 5 - 3 - 6 - -30?
2
Let p be 1/3 - 62/6. Suppose -4*h - 22 = -3*s, -4*h - 10 = s - h. What is the units digit of s/p - 16/(-5)?
3
Let p(i) = -i**2 - i. Let x be p(0). Suppose x*b + 2*b = 16. What is the units digit of 50/b - (-4)/(-16)?
6
Let d = -18 - -80. Suppose 3*q - r - 13 = d, -q = -5*r - 11. What is the units digit of q/4 + 2/4?
7
Suppose -1 = 2*c - 5. Let a(g) = -3*g**2 - 2*g**2 + 0 + 7*g**c + 1 - 2*g. What is the units digit of a(2)?
5
Let c be (-18)/6 - (1 + 5). What is the units digit of (-6)/c - 40/(-3)?
4
Suppose b + b = 6. Suppose z - 4 = -2*o, -3*o + z - b = -9. What is the units digit of o?
2
Suppose -2*j + 3*j = 11. Let l be ((-7 - 1)/(-2))/1. Suppose -3*t + l = -j. What is the units digit of t?
5
Let g(x) = -2*x - x + 2*x + 13. What is the tens digit of g(0)?
1
Let t(q) = q + 5. Let v be (6/4)/((-2)/(-4)). Suppose p - v = 5. What is the units digit of t(p)?
3
Let o(h) = -3*h + 1. Let l be o(2). Let g(p) = p + 7. What is the units digit of g(l)?
2
Let r = -34 - -24. Let d = r - 1. What is the tens digit of (d - 0)/(8/(-8))?
1
Suppose 3*o = 2*o - 1. Let g = o - -1. Suppose 0 = 4*c - g*c - 8. What is the units digit of c?
2
Suppose 3*s = 2*r - 3*r + 18, -4*r + 92 = 2*s. Suppose -r = -2*j - 2*j + 4*c, 2*j - 9 = 3*c. What is the units digit of j?
9
Let u be (-4)/10 + 624/(-40). Let p = -14 - u. What is the units digit of p?
2
Suppose -2*v + 0*o - 4*o = -98, 0 = 2*o - 6. What is the tens digit of v?
4
Let j be 4 - 1*(2 - 3). Suppose i - 4*l = -l - 7, 0 = j*l - 20. What is the units digit of i?
5
Let f(d) = -d**3 - 7*d**2 - 6*d - 9. Let w be f(-6). What is the units digit of 8/3 - (-6)/w?
2
Suppose 10*c = -0*c + 1170. What is the tens digit of c?
1
Suppose n = 5*k - 147, 2*k + k - 75 = 5*n. What is the tens digit of k?
3
What is the hundreds digit of 96/528 - (-1 - (-1395)/(-11))?
1
Suppose -3*k = -2*k - 2. Suppose 0 = k*i - 4*i + 50. What is the tens digit of i?
2
Suppose 0*p - 3*p + 5*b = -6, 5*p + b - 10 = 0. What is the units digit of p?
2
Let j(t) = -t**3 - t**2 + 4*t + 3. Let m be (9/(-3))/(0 - -1). Let y be j(m). Suppose -2*h - 5*v = 11, 4*h + v - y = -4. What is the units digit of h?
2
Suppose 0*v + 3*t - 165 = -5*v, 2*v + 2*t - 62 = 0. What is the tens digit of v?
3
Let c(x) = 8*x - 4. Let f be c(-4). Let l = -12 - f. Let y = -2 + l. What is the tens digit of y?
2
Let q(y) = y + 1. Let d be q(1). Let t(j) = 5*j**2 - 2*j + 1. What is the units digit of t(d)?
7
What is the units digit of (-3 - -3) + 3 + 0?
3
Let h(j) = -2*j**2 + 8*j - 8. Let d(z) = -2*z**2 + 7*z - 7. Let k(m) = -6*d(m) + 5*h(m). What is the units digit of k(2)?
6
Suppose 3*w - 6*w = -87. What is the units digit of w?
9
Let h be ((-5)/3)/((-2)/6). Suppose q = h - 0. Suppose q = k + 1. What is the units digit of k?
4
Let q(k) = k - 4. Suppose -2*f = -5 - 15. What is the units digit of q(f)?
6
Suppose -2 = 3*t - 14. Let h = t - -1. Suppose 0 = h*n - 62 + 2. What is the tens digit of n?
1
Let l(x) = 18*x**2 - x - 4. Let g(a) = -a**2 + a + 1. Let j(q) = 4*g(q) + l(q). What is the units digit of j(-2)?
0
Let h(y) = -y + 10. Let w be h(0). Suppose -4*i - 20 = -0*i. Let q = i + w. What is the units digit of q?
5
Suppose -4*b - 4*d = -240, 2*b + 4*d + 102 = 4*b. What is the units digit of b?
7
Suppose -a + 5*l = -61, 2*l - 224 = 3*a - 8*a. What is the tens digit of a?
4
Let g = 42 - 25. Suppose 4*v = 31 + g. What is the tens digit of v?
1
Let z = -24 + 47. What is the tens digit of z?
2
Let i = 309 - 625. Let q be -5*((-4)/5)/(-2). What is the units digit of q/12 + i/(-24)?
3
What is the hundreds digit of (-21 - -1164)*(-2)/(-6)?
3
Let y(v) = -v**3 + 11*v**2 - 8*v - 4. What is the tens digit of y(4)?
7
Let d be -1*(0/2 + 0). Suppose -2*v + d = -6. Suppose 2*b + v*b = 60. What is the tens digit of b?
1
Let v(t) = t**2 - 3*t - 3. Suppose -3*i = 4*g + 1, 0 = -4*g + 5*i - 4*i - 21. What is the tens digit of v(g)?
2
Let l = 8 - 3. What is the units digit of -2 + 14 - (-2 + l)?
9
Let n(p) = -p + 5. Let b(w) = -w + 5. Let y(i) = 4*b(i) - 5*n(i). What is the units digit of y(8)?
3
Suppose -3 = 4*p - 15. Let r be 4 - (-1 + 0/p). Let x(n) = n**3 - 5*n**2 + 6. What is the units digit of x(r)?
6
Let q = -64 + 39. Let j = q - -18. Let n = j + 16. What is the units digit of n?
9
Let q(z) = -3*z + 1. Let u be q(1). What is the units digit of 31/4 - u/8?
8
Let z(t) = t**2 + 2*t + 5. What is the units digit of z(4)?
9
Let f(n) = 12*n**2 + 1. Let w be f(-1). Let l be 90/21 - (-2)/(-7). Suppose 11 + w = l*z. What is the units digit of z?
6
Let s(q) = -q**2 + 11*q - 2. Let w be s(7). Suppose 0 = -3*j + 28 + w. Suppose 0 = -4*x - 3*d + 20, 30 = 4*x - 4*d - j. What is the units digit of x?
8
Suppose 7*k - 2*k = 0. Suppose 5*a - a = 0. Suppose k = -a*s + 2*s - 28. What is the tens digit of s?
1
Suppose 4*v = -y - 28 + 7, -39 = 5*v - 3*y. Suppose 0 = s - 2 - 7. Let g = s + v. What is the units digit of g?
3
Let f = -70 - -167. What is the units digit of f?
7
Suppose 1264 - 3616 = -7*f. What is the units digit of f?
6
Let b be (7 - 2) + (-1 - 0). Suppose 4 = -b*k - 0. What is the units digit of -4 + 4 - k/1?
1
Let g be (-2)/(-7) - (-195)/(-21). Let s = -4 - g. What is the units digit of s?
5
Suppose 4*f = -4*p + 167 + 205, 3*p = -4*f + 373. What is the units digit of f?
4
What is the hundreds digit of (2 - 2/3)/(4/318)?
1
Let a be (-10)/(-35) - (-16)/(-7). Let p be (a - 15/(-6))*0. Suppose -m + 6 = 3*k - 24, 4*k + 4*m - 32 = p. What is the units digit of k?
1
Let u = -5 + 7. Suppose 32 = u*t - 8. Let i = t + -6. What is the tens digit of i?
1
Suppose -2*q - 2 = -a, -2*q - 3*a = -5*a. What is the units digit of (-8)/q*(-34)/(-8)?
7
Suppose 0 = -4*m - 0*m - 20, m - 44 = -y. Let t = -33 + y. What is the units digit of t?
6
Let p(c) = -c - 1. Suppose 3*t - 25 - 77 = -5*s, 3*s - 9 = 0. Suppose i - 3*m = -3*i - t, 0 = i + 4*m - 7. What is the units digit of p(i)?
4
Let f = -4 - -6. Let l(t) = -3*t + 8. Let j be l(-9). Suppose 2*s + 20 = 3*z, 4*z - f*s = -s + j. What is the tens digit of z?
1
Let w(z) = z**3 + 7*z**2 - 5. What is the units digit of w(-5)?
5
Let f = 33 - 0. Suppose b - f = -2. What is the tens digit of b?
3
Let i be (-2)/1 + 0 + -9. Let a = i + 21. Let y = -7 + a. What is the units digit of y?
3
Let r be (-1)/(-2) + (-15)/6. What is the units digit of -24*(r + (-1)/(-4))?
2
Let b(g) = 56*g**2 - g + 1. Let d be b(1). Suppose -d = -3*t + w + 3, -23 = -t + w. Let s = t + -8. What is the tens digit of s?
1
Suppose 5*d - 4*p - 38 = -8, -3*d - 3*p - 9 = 0. What is the units digit of 2 - ((1 - d) + 2)?
1
Let l = -110 - -193. What is the tens digit of l?
8
Suppose -3*u + 9 = -0*u. Let q = u + -2. Suppose -3*r + 5 = -q. What is the units digit of r?
2
Let g(k) be the first derivative of -7/2*k**2 + 0*k - 2. What is the units digit of g(-1)?
7
Suppose -2*a + 366 = -4*x, x - 4 = -0*x. What is the units digit of a?
1
Suppose 2*r - 4 = 0, -3*g = -0*g + 5*r - 232. What is the units digit of g?
4
Suppose 0 = -3*j - j. Suppose j = -5*s + 6*s - 39. What is the tens digit of s?
3
Suppose 0 = -3*l - o - 4*o + 5, -3*o - 11 = -l. Suppose 1 = u - l. What is the units digit of u?
6
Let o be (-4)/22 - 13/(-11). Let g = 7 - o. What is the units digit of g?
6
Let p(m) = m**2 + 2*m - 5. Let w be p(-4). Let b be ((-82)/3)/(1/w). What is the units digit of 8/28 + b/(-7)?
2
Let l(m) = -m**3 - 11*m**2 - 19*m - 30. What is the hundreds digit of l(-12)?
3
Suppose 2*g = 5*a - 411, -3*a - g + 85 = -2*a. What is the tens digit of a?
8
Let w = 27 - 19. What is the units digit of w?
8
Suppose 2*z - 23 = -5*y + 6, 0 = -5*z + 2*y. Suppose -d - 3 = -2*a + 2, -z*a - 10 = 4*d. What is the units digit of 4/d*9/(-6)?
2
Let s = 12 + -9. Let x = 10 - s. What is the units digit of x?
7
What is the tens digit of (-366)